{"id":41,"date":"2020-01-16T08:35:58","date_gmt":"2020-01-16T08:35:58","guid":{"rendered":"https:\/\/www.oikia.it\/news\/?page_id=41"},"modified":"2022-05-26T13:03:58","modified_gmt":"2022-05-26T13:03:58","slug":"homepage","status":"publish","type":"page","link":"https:\/\/www.oikia.it\/news\/homepage\/","title":{"rendered":""},"content":{"rendered":"<section class=\"ab-block-post-grid featuredpost aligncenter button-more-link\"><h2 class=\"ab-post-grid-section-title\">CONSIGLI<\/h2><div class=\"ab-post-grid-items is-grid columns-2\"><article id=\"post-2737\" class=\"ab-post-grid-item post-2737 post type-post status-publish format-standard has-post-thumbnail category-consigli entry\"><div class=\"ab-block-post-grid-image\"><a href=\"https:\/\/www.oikia.it\/news\/comprare-casa-da-soli-dove-e-piu-facile-e-dove-e-piu-difficile-in-italia\/\" rel=\"bookmark\" aria-hidden=\"true\" tabindex=\"-1\"><img loading=\"lazy\" decoding=\"async\" width=\"630\" height=\"350\" src=\"https:\/\/www.oikia.it\/news\/wp-content\/uploads\/2026\/03\/Immagini-in-evidenza-Oikia.it_-630x350.png\" class=\"attachment-medium-featured size-medium-featured\" alt=\"Comprare casa da soli\" \/><\/a><\/div><div class=\"ab-block-post-grid-text\"><header class=\"ab-block-post-grid-header\"><h3 class=\"ab-block-post-grid-title\"><a href=\"https:\/\/www.oikia.it\/news\/comprare-casa-da-soli-dove-e-piu-facile-e-dove-e-piu-difficile-in-italia\/\" rel=\"bookmark\">Comprare casa da soli: dove \u00e8 pi\u00f9 facile (e dove \u00e8 pi\u00f9 difficile) in Italia<\/a><\/h3><div class=\"ab-block-post-grid-byline\"><div class=\"ab-block-post-grid-author\" itemprop=\"author\" itemtype=\"https:\/\/schema.org\/Person\"><a class=\"ab-text-link\" href=\"https:\/\/www.oikia.it\/news\/author\/carlotta\/\" itemprop=\"url\" rel=\"author\"><span itemprop=\"name\">Carlotta<\/span><\/a><\/div><time datetime=\"2026-03-09T09:24:57+00:00\" class=\"ab-block-post-grid-date\" itemprop=\"datePublished\">Marzo 9, 2026<\/time><\/div><\/header><div class=\"ab-block-post-grid-excerpt\"><p><a class=\"ab-block-post-grid-more-link ab-text-link\" href=\"https:\/\/www.oikia.it\/news\/comprare-casa-da-soli-dove-e-piu-facile-e-dove-e-piu-difficile-in-italia\/\" rel=\"bookmark\">Continua a leggere <span class=\"screen-reader-text\">Comprare casa da soli: dove \u00e8 pi\u00f9 facile (e dove \u00e8 pi\u00f9 difficile) in Italia<\/span><\/a><\/p><\/div><\/div><\/article>\n<article id=\"post-2733\" class=\"ab-post-grid-item post-2733 post type-post status-publish format-standard has-post-thumbnail category-consigli entry\"><div class=\"ab-block-post-grid-image\"><a href=\"https:\/\/www.oikia.it\/news\/casa-in-ordine-anche-dinverno-come-rendere-le-pulizie-piu-efficaci\/\" rel=\"bookmark\" aria-hidden=\"true\" tabindex=\"-1\"><img loading=\"lazy\" decoding=\"async\" width=\"630\" height=\"350\" src=\"https:\/\/www.oikia.it\/news\/wp-content\/uploads\/2026\/01\/Immagine-in-evidenza-1-630x350.png\" class=\"attachment-medium-featured size-medium-featured\" alt=\"Pulizie invernali\" \/><\/a><\/div><div class=\"ab-block-post-grid-text\"><header class=\"ab-block-post-grid-header\"><h3 class=\"ab-block-post-grid-title\"><a href=\"https:\/\/www.oikia.it\/news\/casa-in-ordine-anche-dinverno-come-rendere-le-pulizie-piu-efficaci\/\" rel=\"bookmark\">Casa in ordine anche d\u2019inverno: come rendere le pulizie pi\u00f9 efficaci<\/a><\/h3><div class=\"ab-block-post-grid-byline\"><div class=\"ab-block-post-grid-author\" itemprop=\"author\" itemtype=\"https:\/\/schema.org\/Person\"><a class=\"ab-text-link\" href=\"https:\/\/www.oikia.it\/news\/author\/carlotta\/\" itemprop=\"url\" rel=\"author\"><span itemprop=\"name\">Carlotta<\/span><\/a><\/div><time datetime=\"2026-01-15T11:29:19+00:00\" class=\"ab-block-post-grid-date\" itemprop=\"datePublished\">Gennaio 15, 2026<\/time><\/div><\/header><div class=\"ab-block-post-grid-excerpt\"><p><a class=\"ab-block-post-grid-more-link ab-text-link\" href=\"https:\/\/www.oikia.it\/news\/casa-in-ordine-anche-dinverno-come-rendere-le-pulizie-piu-efficaci\/\" rel=\"bookmark\">Continua a leggere <span class=\"screen-reader-text\">Casa in ordine anche d\u2019inverno: come rendere le pulizie pi\u00f9 efficaci<\/span><\/a><\/p><\/div><\/div><\/article>\n<article id=\"post-2727\" class=\"ab-post-grid-item post-2727 post type-post status-publish format-standard has-post-thumbnail category-consigli category-finanza entry\"><div class=\"ab-block-post-grid-image\"><a href=\"https:\/\/www.oikia.it\/news\/predelibera-bancaria-larma-segreta-per-comprare-casa-senza-rischi\/\" rel=\"bookmark\" aria-hidden=\"true\" tabindex=\"-1\"><img loading=\"lazy\" decoding=\"async\" width=\"630\" height=\"350\" src=\"https:\/\/www.oikia.it\/news\/wp-content\/uploads\/2025\/11\/Immagine-in-evidenza-630x350.png\" class=\"attachment-medium-featured size-medium-featured\" alt=\"predelibera bancaria\" \/><\/a><\/div><div class=\"ab-block-post-grid-text\"><header class=\"ab-block-post-grid-header\"><h3 class=\"ab-block-post-grid-title\"><a href=\"https:\/\/www.oikia.it\/news\/predelibera-bancaria-larma-segreta-per-comprare-casa-senza-rischi\/\" rel=\"bookmark\">Predelibera bancaria: l\u2019arma segreta per comprare casa senza rischi<\/a><\/h3><div class=\"ab-block-post-grid-byline\"><div class=\"ab-block-post-grid-author\" itemprop=\"author\" itemtype=\"https:\/\/schema.org\/Person\"><a class=\"ab-text-link\" href=\"https:\/\/www.oikia.it\/news\/author\/carlotta\/\" itemprop=\"url\" rel=\"author\"><span itemprop=\"name\">Carlotta<\/span><\/a><\/div><time datetime=\"2025-11-18T16:01:04+00:00\" class=\"ab-block-post-grid-date\" itemprop=\"datePublished\">Novembre 18, 2025<\/time><\/div><\/header><div class=\"ab-block-post-grid-excerpt\"><p><a class=\"ab-block-post-grid-more-link ab-text-link\" href=\"https:\/\/www.oikia.it\/news\/predelibera-bancaria-larma-segreta-per-comprare-casa-senza-rischi\/\" rel=\"bookmark\">Continua a leggere <span class=\"screen-reader-text\">Predelibera bancaria: l\u2019arma segreta per comprare casa senza rischi<\/span><\/a><\/p><\/div><\/div><\/article>\n<article id=\"post-2724\" class=\"ab-post-grid-item post-2724 post type-post status-publish format-standard has-post-thumbnail category-consigli entry\"><div class=\"ab-block-post-grid-image\"><a href=\"https:\/\/www.oikia.it\/news\/come-aumentare-il-calore-e-lefficienza-dei-caloriferi\/\" rel=\"bookmark\" aria-hidden=\"true\" tabindex=\"-1\"><img loading=\"lazy\" decoding=\"async\" width=\"630\" height=\"350\" src=\"https:\/\/www.oikia.it\/news\/wp-content\/uploads\/2025\/10\/Immagine-in-evidenza-2-630x350.png\" class=\"attachment-medium-featured size-medium-featured\" alt=\"Caloriferi\" \/><\/a><\/div><div class=\"ab-block-post-grid-text\"><header class=\"ab-block-post-grid-header\"><h3 class=\"ab-block-post-grid-title\"><a href=\"https:\/\/www.oikia.it\/news\/come-aumentare-il-calore-e-lefficienza-dei-caloriferi\/\" rel=\"bookmark\">Come aumentare il calore e l\u2019efficienza dei caloriferi<\/a><\/h3><div class=\"ab-block-post-grid-byline\"><div class=\"ab-block-post-grid-author\" itemprop=\"author\" itemtype=\"https:\/\/schema.org\/Person\"><a class=\"ab-text-link\" href=\"https:\/\/www.oikia.it\/news\/author\/carlotta\/\" itemprop=\"url\" rel=\"author\"><span itemprop=\"name\">Carlotta<\/span><\/a><\/div><time datetime=\"2025-10-24T15:02:23+00:00\" class=\"ab-block-post-grid-date\" itemprop=\"datePublished\">Ottobre 24, 2025<\/time><\/div><\/header><div class=\"ab-block-post-grid-excerpt\"><p><a class=\"ab-block-post-grid-more-link ab-text-link\" href=\"https:\/\/www.oikia.it\/news\/come-aumentare-il-calore-e-lefficienza-dei-caloriferi\/\" rel=\"bookmark\">Continua a leggere <span class=\"screen-reader-text\">Come aumentare il calore e l\u2019efficienza dei caloriferi<\/span><\/a><\/p><\/div><\/div><\/article>\n<\/div><\/section>\n\n<section class=\"ab-block-post-grid featuredpost aligncenter button-more-link\"><h2 class=\"ab-post-grid-section-title\">DESIGN E TENDENZE<\/h2><div class=\"ab-post-grid-items is-list\"><article id=\"post-2478\" class=\"ab-post-grid-item post-2478 post type-post status-publish format-standard has-post-thumbnail category-curiosita category-design entry\"><div class=\"ab-block-post-grid-image\"><a href=\"https:\/\/www.oikia.it\/news\/cocooning-come-creare-un-ambiente-rilassante-e-accogliente\/\" rel=\"bookmark\" aria-hidden=\"true\" tabindex=\"-1\"><img loading=\"lazy\" decoding=\"async\" width=\"630\" height=\"350\" src=\"https:\/\/www.oikia.it\/news\/wp-content\/uploads\/2024\/10\/cooconing-630x350.png\" class=\"attachment-medium-featured size-medium-featured\" alt=\"cocooning\" \/><\/a><\/div><div class=\"ab-block-post-grid-text\"><header class=\"ab-block-post-grid-header\"><h3 class=\"ab-block-post-grid-title\"><a href=\"https:\/\/www.oikia.it\/news\/cocooning-come-creare-un-ambiente-rilassante-e-accogliente\/\" rel=\"bookmark\">Cocooning: come creare un ambiente rilassante e accogliente<\/a><\/h3><div class=\"ab-block-post-grid-byline\"><div class=\"ab-block-post-grid-author\" itemprop=\"author\" itemtype=\"https:\/\/schema.org\/Person\"><a class=\"ab-text-link\" href=\"https:\/\/www.oikia.it\/news\/author\/matteo\/\" itemprop=\"url\" rel=\"author\"><span itemprop=\"name\">Lorenzo<\/span><\/a><\/div><time datetime=\"2024-10-18T15:22:18+00:00\" class=\"ab-block-post-grid-date\" itemprop=\"datePublished\">Ottobre 18, 2024<\/time><\/div><\/header><div class=\"ab-block-post-grid-excerpt\"><p><a class=\"ab-block-post-grid-more-link ab-text-link\" href=\"https:\/\/www.oikia.it\/news\/cocooning-come-creare-un-ambiente-rilassante-e-accogliente\/\" rel=\"bookmark\">Continua a leggere <span class=\"screen-reader-text\">Cocooning: come creare un ambiente rilassante e accogliente<\/span><\/a><\/p><\/div><\/div><\/article>\n<article id=\"post-2439\" class=\"ab-post-grid-item post-2439 post type-post status-publish format-standard has-post-thumbnail category-consigli category-design entry\"><div class=\"ab-block-post-grid-image\"><a href=\"https:\/\/www.oikia.it\/news\/lilluminazione-ideale-per-labitazione\/\" rel=\"bookmark\" aria-hidden=\"true\" tabindex=\"-1\"><img loading=\"lazy\" decoding=\"async\" width=\"630\" height=\"350\" src=\"https:\/\/www.oikia.it\/news\/wp-content\/uploads\/2024\/09\/Immagine-in-evidenza-630x350.jpg\" class=\"attachment-medium-featured size-medium-featured\" alt=\"Illuminazione casa\" \/><\/a><\/div><div class=\"ab-block-post-grid-text\"><header class=\"ab-block-post-grid-header\"><h3 class=\"ab-block-post-grid-title\"><a href=\"https:\/\/www.oikia.it\/news\/lilluminazione-ideale-per-labitazione\/\" rel=\"bookmark\">L\u2019Illuminazione ideale per l\u2019abitazione<\/a><\/h3><div class=\"ab-block-post-grid-byline\"><div class=\"ab-block-post-grid-author\" itemprop=\"author\" itemtype=\"https:\/\/schema.org\/Person\"><a class=\"ab-text-link\" href=\"https:\/\/www.oikia.it\/news\/author\/matteo\/\" itemprop=\"url\" rel=\"author\"><span itemprop=\"name\">Lorenzo<\/span><\/a><\/div><time datetime=\"2024-09-26T15:30:14+00:00\" class=\"ab-block-post-grid-date\" itemprop=\"datePublished\">Settembre 26, 2024<\/time><\/div><\/header><div class=\"ab-block-post-grid-excerpt\"><p><a class=\"ab-block-post-grid-more-link ab-text-link\" href=\"https:\/\/www.oikia.it\/news\/lilluminazione-ideale-per-labitazione\/\" rel=\"bookmark\">Continua a leggere <span class=\"screen-reader-text\">L\u2019Illuminazione ideale per l\u2019abitazione<\/span><\/a><\/p><\/div><\/div><\/article>\n<article id=\"post-2358\" class=\"ab-post-grid-item post-2358 post type-post status-publish format-standard has-post-thumbnail category-design entry\"><div class=\"ab-block-post-grid-image\"><a href=\"https:\/\/www.oikia.it\/news\/la-scala-interna-un-elemento-di-design-per-la-casa\/\" rel=\"bookmark\" aria-hidden=\"true\" tabindex=\"-1\"><img loading=\"lazy\" decoding=\"async\" width=\"630\" height=\"350\" src=\"https:\/\/www.oikia.it\/news\/wp-content\/uploads\/2024\/08\/Scala-interna-un-elmento-di-design-per-la-casa-630x350.png\" class=\"attachment-medium-featured size-medium-featured\" alt=\"Scala interna: un elemento di design per la casa\" \/><\/a><\/div><div class=\"ab-block-post-grid-text\"><header class=\"ab-block-post-grid-header\"><h3 class=\"ab-block-post-grid-title\"><a href=\"https:\/\/www.oikia.it\/news\/la-scala-interna-un-elemento-di-design-per-la-casa\/\" rel=\"bookmark\">La scala interna: un elemento di design per la casa<\/a><\/h3><div class=\"ab-block-post-grid-byline\"><div class=\"ab-block-post-grid-author\" itemprop=\"author\" itemtype=\"https:\/\/schema.org\/Person\"><a class=\"ab-text-link\" href=\"https:\/\/www.oikia.it\/news\/author\/matteo\/\" itemprop=\"url\" rel=\"author\"><span itemprop=\"name\">Lorenzo<\/span><\/a><\/div><time datetime=\"2024-08-09T00:00:00+00:00\" class=\"ab-block-post-grid-date\" itemprop=\"datePublished\">Agosto 9, 2024<\/time><\/div><\/header><div class=\"ab-block-post-grid-excerpt\"><p><a class=\"ab-block-post-grid-more-link ab-text-link\" href=\"https:\/\/www.oikia.it\/news\/la-scala-interna-un-elemento-di-design-per-la-casa\/\" rel=\"bookmark\">Continua a leggere <span class=\"screen-reader-text\">La scala interna: un elemento di design per la casa<\/span><\/a><\/p><\/div><\/div><\/article>\n<\/div><\/section>\n\n<section class=\"ab-block-post-grid featuredpost aligncenter button-more-link\"><h2 class=\"ab-post-grid-section-title\">INVESTIMENTI<\/h2><div class=\"ab-post-grid-items is-list\"><article id=\"post-2727\" class=\"ab-post-grid-item post-2727 post type-post status-publish format-standard has-post-thumbnail category-consigli category-finanza entry\"><div class=\"ab-block-post-grid-image\"><a href=\"https:\/\/www.oikia.it\/news\/predelibera-bancaria-larma-segreta-per-comprare-casa-senza-rischi\/\" rel=\"bookmark\" aria-hidden=\"true\" tabindex=\"-1\"><img loading=\"lazy\" decoding=\"async\" width=\"630\" height=\"350\" src=\"https:\/\/www.oikia.it\/news\/wp-content\/uploads\/2025\/11\/Immagine-in-evidenza-630x350.png\" class=\"attachment-medium-featured size-medium-featured\" alt=\"predelibera bancaria\" \/><\/a><\/div><div class=\"ab-block-post-grid-text\"><header class=\"ab-block-post-grid-header\"><h3 class=\"ab-block-post-grid-title\"><a href=\"https:\/\/www.oikia.it\/news\/predelibera-bancaria-larma-segreta-per-comprare-casa-senza-rischi\/\" rel=\"bookmark\">Predelibera bancaria: l\u2019arma segreta per comprare casa senza rischi<\/a><\/h3><div class=\"ab-block-post-grid-byline\"><div class=\"ab-block-post-grid-author\" itemprop=\"author\" itemtype=\"https:\/\/schema.org\/Person\"><a class=\"ab-text-link\" href=\"https:\/\/www.oikia.it\/news\/author\/carlotta\/\" itemprop=\"url\" rel=\"author\"><span itemprop=\"name\">Carlotta<\/span><\/a><\/div><time datetime=\"2025-11-18T16:01:04+00:00\" class=\"ab-block-post-grid-date\" itemprop=\"datePublished\">Novembre 18, 2025<\/time><\/div><\/header><div class=\"ab-block-post-grid-excerpt\"><p><a class=\"ab-block-post-grid-more-link ab-text-link\" href=\"https:\/\/www.oikia.it\/news\/predelibera-bancaria-larma-segreta-per-comprare-casa-senza-rischi\/\" rel=\"bookmark\">Continua a leggere <span class=\"screen-reader-text\">Predelibera bancaria: l\u2019arma segreta per comprare casa senza rischi<\/span><\/a><\/p><\/div><\/div><\/article>\n<article id=\"post-2721\" class=\"ab-post-grid-item post-2721 post type-post status-publish format-standard has-post-thumbnail category-consigli category-curiosita category-fisco-e-leggi category-finanza entry\"><div class=\"ab-block-post-grid-image\"><a href=\"https:\/\/www.oikia.it\/news\/mutuo-al-100-come-funziona-e-quando-puoi-ottenerlo\/\" rel=\"bookmark\" aria-hidden=\"true\" tabindex=\"-1\"><img loading=\"lazy\" decoding=\"async\" width=\"630\" height=\"350\" src=\"https:\/\/www.oikia.it\/news\/wp-content\/uploads\/2025\/10\/Immagine-in-evidenza-1-630x350.png\" class=\"attachment-medium-featured size-medium-featured\" alt=\"mutuo al 100%\" \/><\/a><\/div><div class=\"ab-block-post-grid-text\"><header class=\"ab-block-post-grid-header\"><h3 class=\"ab-block-post-grid-title\"><a href=\"https:\/\/www.oikia.it\/news\/mutuo-al-100-come-funziona-e-quando-puoi-ottenerlo\/\" rel=\"bookmark\">Mutuo al 100%: come funziona e quando puoi ottenerlo<\/a><\/h3><div class=\"ab-block-post-grid-byline\"><div class=\"ab-block-post-grid-author\" itemprop=\"author\" itemtype=\"https:\/\/schema.org\/Person\"><a class=\"ab-text-link\" href=\"https:\/\/www.oikia.it\/news\/author\/carlotta\/\" itemprop=\"url\" rel=\"author\"><span itemprop=\"name\">Carlotta<\/span><\/a><\/div><time datetime=\"2025-10-13T14:21:18+00:00\" class=\"ab-block-post-grid-date\" itemprop=\"datePublished\">Ottobre 13, 2025<\/time><\/div><\/header><div class=\"ab-block-post-grid-excerpt\"><p><a class=\"ab-block-post-grid-more-link ab-text-link\" href=\"https:\/\/www.oikia.it\/news\/mutuo-al-100-come-funziona-e-quando-puoi-ottenerlo\/\" rel=\"bookmark\">Continua a leggere <span class=\"screen-reader-text\">Mutuo al 100%: come funziona e quando puoi ottenerlo<\/span><\/a><\/p><\/div><\/div><\/article>\n<article id=\"post-2651\" class=\"ab-post-grid-item post-2651 post type-post status-publish format-standard has-post-thumbnail category-fisco-e-leggi category-finanza category-news entry\"><div class=\"ab-block-post-grid-image\"><a href=\"https:\/\/www.oikia.it\/news\/bonus-casa-2025-quali-incentivi-sono-ancora-attivi\/\" rel=\"bookmark\" aria-hidden=\"true\" tabindex=\"-1\"><img loading=\"lazy\" decoding=\"async\" width=\"630\" height=\"350\" src=\"https:\/\/www.oikia.it\/news\/wp-content\/uploads\/2025\/04\/Immagine-in-evidenza-630x350.png\" class=\"attachment-medium-featured size-medium-featured\" alt=\"Bonus casa 2025\" \/><\/a><\/div><div class=\"ab-block-post-grid-text\"><header class=\"ab-block-post-grid-header\"><h3 class=\"ab-block-post-grid-title\"><a href=\"https:\/\/www.oikia.it\/news\/bonus-casa-2025-quali-incentivi-sono-ancora-attivi\/\" rel=\"bookmark\">Bonus casa 2025: quali incentivi sono ancora attivi?<\/a><\/h3><div class=\"ab-block-post-grid-byline\"><div class=\"ab-block-post-grid-author\" itemprop=\"author\" itemtype=\"https:\/\/schema.org\/Person\"><a class=\"ab-text-link\" href=\"https:\/\/www.oikia.it\/news\/author\/carlotta\/\" itemprop=\"url\" rel=\"author\"><span itemprop=\"name\">Carlotta<\/span><\/a><\/div><time datetime=\"2025-04-15T15:34:57+00:00\" class=\"ab-block-post-grid-date\" itemprop=\"datePublished\">Aprile 15, 2025<\/time><\/div><\/header><div class=\"ab-block-post-grid-excerpt\"><p><a class=\"ab-block-post-grid-more-link ab-text-link\" href=\"https:\/\/www.oikia.it\/news\/bonus-casa-2025-quali-incentivi-sono-ancora-attivi\/\" rel=\"bookmark\">Continua a leggere <span class=\"screen-reader-text\">Bonus casa 2025: quali incentivi sono ancora attivi?<\/span><\/a><\/p><\/div><\/div><\/article>\n<\/div><\/section>","protected":false},"excerpt":{"rendered":"","protected":false},"author":2,"featured_media":0,"parent":0,"menu_order":0,"comment_status":"closed","ping_status":"closed","template":"","meta":{"_monsterinsights_skip_tracking":false,"_monsterinsights_sitenote_active":false,"_monsterinsights_sitenote_note":"","_monsterinsights_sitenote_category":0,"_genesis_hide_title":false,"_genesis_hide_breadcrumbs":false,"_genesis_hide_singular_image":false,"_genesis_hide_footer_widgets":false,"_genesis_custom_body_class":"","_genesis_custom_post_class":"","_genesis_layout":"","footnotes":""},"class_list":{"0":"post-41","1":"page","2":"type-page","3":"status-publish","5":"entry"},"yoast_head":"<!-- This site is optimized with the Yoast SEO plugin v27.4 - https:\/\/yoast.com\/product\/yoast-seo-wordpress\/ -->\n<title>OIKIA Magazine: news, design, investimenti, fisco &amp; Leggi<\/title>\n<meta name=\"description\" content=\"Il magazine di OIKIA. Articoli aggiornati e approfondimenti dal mondo del design e del mercato immobiliare, con consigli e guide.\" \/>\n<meta name=\"robots\" content=\"index, follow, max-snippet:-1, max-image-preview:large, max-video-preview:-1\" \/>\n<link rel=\"canonical\" href=\"https:\/\/news.oikia.it\/\" \/>\n<meta property=\"og:locale\" content=\"it_IT\" \/>\n<meta property=\"og:type\" content=\"article\" \/>\n<meta property=\"og:title\" content=\"OIKIA Magazine: news, design, investimenti, fisco &amp; Leggi\" \/>\n<meta property=\"og:description\" content=\"Il magazine di OIKIA. Articoli aggiornati e approfondimenti dal mondo del design e del mercato immobiliare, con consigli e guide.\" \/>\n<meta property=\"og:url\" content=\"https:\/\/news.oikia.it\/\" \/>\n<meta property=\"og:site_name\" content=\"OIKIA MAGAZINE\" \/>\n<meta property=\"article:modified_time\" content=\"2022-05-26T13:03:58+00:00\" \/>\n<meta name=\"twitter:card\" content=\"summary_large_image\" \/>\n<script type=\"application\/ld+json\" class=\"yoast-schema-graph\">{\"@context\":\"https:\\\/\\\/schema.org\",\"@graph\":[{\"@type\":\"WebPage\",\"@id\":\"https:\\\/\\\/news.oikia.it\\\/\",\"url\":\"https:\\\/\\\/news.oikia.it\\\/\",\"name\":\"OIKIA Magazine: news, design, investimenti, fisco & Leggi\",\"isPartOf\":{\"@id\":\"https:\\\/\\\/news.oikia.it\\\/#website\"},\"datePublished\":\"2020-01-16T08:35:58+00:00\",\"dateModified\":\"2022-05-26T13:03:58+00:00\",\"description\":\"Il magazine di OIKIA. Articoli aggiornati e approfondimenti dal mondo del design e del mercato immobiliare, con consigli e guide.\",\"inLanguage\":\"it-IT\",\"potentialAction\":[{\"@type\":\"ReadAction\",\"target\":[\"https:\\\/\\\/news.oikia.it\\\/\"]}]},{\"@type\":\"WebSite\",\"@id\":\"https:\\\/\\\/news.oikia.it\\\/#website\",\"url\":\"https:\\\/\\\/news.oikia.it\\\/\",\"name\":\"OIKIA MAGAZINE\",\"description\":\"Notizie, aggiornamenti e consigli dal mondo del mercato immobiliare\",\"publisher\":{\"@id\":\"https:\\\/\\\/news.oikia.it\\\/#organization\"},\"potentialAction\":[{\"@type\":\"SearchAction\",\"target\":{\"@type\":\"EntryPoint\",\"urlTemplate\":\"https:\\\/\\\/news.oikia.it\\\/?s={search_term_string}\"},\"query-input\":{\"@type\":\"PropertyValueSpecification\",\"valueRequired\":true,\"valueName\":\"search_term_string\"}}],\"inLanguage\":\"it-IT\"},{\"@type\":\"Organization\",\"@id\":\"https:\\\/\\\/news.oikia.it\\\/#organization\",\"name\":\"OIKIA MAGAZINE\",\"url\":\"https:\\\/\\\/news.oikia.it\\\/\",\"logo\":{\"@type\":\"ImageObject\",\"inLanguage\":\"it-IT\",\"@id\":\"https:\\\/\\\/news.oikia.it\\\/#\\\/schema\\\/logo\\\/image\\\/\",\"url\":\"https:\\\/\\\/www.oikia.it\\\/news\\\/wp-content\\\/uploads\\\/2021\\\/01\\\/cropped-logo.png\",\"contentUrl\":\"https:\\\/\\\/www.oikia.it\\\/news\\\/wp-content\\\/uploads\\\/2021\\\/01\\\/cropped-logo.png\",\"width\":378,\"height\":119,\"caption\":\"OIKIA MAGAZINE\"},\"image\":{\"@id\":\"https:\\\/\\\/news.oikia.it\\\/#\\\/schema\\\/logo\\\/image\\\/\"}}]}<\/script>\n<!-- \/ Yoast SEO plugin. -->","yoast_head_json":{"title":"OIKIA Magazine: news, design, investimenti, fisco & Leggi","description":"Il magazine di OIKIA. Articoli aggiornati e approfondimenti dal mondo del design e del mercato immobiliare, con consigli e guide.","robots":{"index":"index","follow":"follow","max-snippet":"max-snippet:-1","max-image-preview":"max-image-preview:large","max-video-preview":"max-video-preview:-1"},"canonical":"https:\/\/news.oikia.it\/","og_locale":"it_IT","og_type":"article","og_title":"OIKIA Magazine: news, design, investimenti, fisco & Leggi","og_description":"Il magazine di OIKIA. Articoli aggiornati e approfondimenti dal mondo del design e del mercato immobiliare, con consigli e guide.","og_url":"https:\/\/news.oikia.it\/","og_site_name":"OIKIA MAGAZINE","article_modified_time":"2022-05-26T13:03:58+00:00","twitter_card":"summary_large_image","schema":{"@context":"https:\/\/schema.org","@graph":[{"@type":"WebPage","@id":"https:\/\/news.oikia.it\/","url":"https:\/\/news.oikia.it\/","name":"OIKIA Magazine: news, design, investimenti, fisco & Leggi","isPartOf":{"@id":"https:\/\/news.oikia.it\/#website"},"datePublished":"2020-01-16T08:35:58+00:00","dateModified":"2022-05-26T13:03:58+00:00","description":"Il magazine di OIKIA. Articoli aggiornati e approfondimenti dal mondo del design e del mercato immobiliare, con consigli e guide.","inLanguage":"it-IT","potentialAction":[{"@type":"ReadAction","target":["https:\/\/news.oikia.it\/"]}]},{"@type":"WebSite","@id":"https:\/\/news.oikia.it\/#website","url":"https:\/\/news.oikia.it\/","name":"OIKIA MAGAZINE","description":"Notizie, aggiornamenti e consigli dal mondo del mercato immobiliare","publisher":{"@id":"https:\/\/news.oikia.it\/#organization"},"potentialAction":[{"@type":"SearchAction","target":{"@type":"EntryPoint","urlTemplate":"https:\/\/news.oikia.it\/?s={search_term_string}"},"query-input":{"@type":"PropertyValueSpecification","valueRequired":true,"valueName":"search_term_string"}}],"inLanguage":"it-IT"},{"@type":"Organization","@id":"https:\/\/news.oikia.it\/#organization","name":"OIKIA MAGAZINE","url":"https:\/\/news.oikia.it\/","logo":{"@type":"ImageObject","inLanguage":"it-IT","@id":"https:\/\/news.oikia.it\/#\/schema\/logo\/image\/","url":"https:\/\/www.oikia.it\/news\/wp-content\/uploads\/2021\/01\/cropped-logo.png","contentUrl":"https:\/\/www.oikia.it\/news\/wp-content\/uploads\/2021\/01\/cropped-logo.png","width":378,"height":119,"caption":"OIKIA MAGAZINE"},"image":{"@id":"https:\/\/news.oikia.it\/#\/schema\/logo\/image\/"}}]}},"featured_image_src":null,"featured_image_src_square":null,"_links":{"self":[{"href":"https:\/\/www.oikia.it\/news\/wp-json\/wp\/v2\/pages\/41","targetHints":{"allow":["GET"]}}],"collection":[{"href":"https:\/\/www.oikia.it\/news\/wp-json\/wp\/v2\/pages"}],"about":[{"href":"https:\/\/www.oikia.it\/news\/wp-json\/wp\/v2\/types\/page"}],"author":[{"embeddable":true,"href":"https:\/\/www.oikia.it\/news\/wp-json\/wp\/v2\/users\/2"}],"replies":[{"embeddable":true,"href":"https:\/\/www.oikia.it\/news\/wp-json\/wp\/v2\/comments?post=41"}],"version-history":[{"count":22,"href":"https:\/\/www.oikia.it\/news\/wp-json\/wp\/v2\/pages\/41\/revisions"}],"predecessor-version":[{"id":1931,"href":"https:\/\/www.oikia.it\/news\/wp-json\/wp\/v2\/pages\/41\/revisions\/1931"}],"wp:attachment":[{"href":"https:\/\/www.oikia.it\/news\/wp-json\/wp\/v2\/media?parent=41"}],"curies":[{"name":"wp","href":"https:\/\/api.w.org\/{rel}","templated":true}]}}